{"id":322,"date":"2020-11-25T10:20:22","date_gmt":"2020-11-25T09:20:22","guid":{"rendered":"http:\/\/luxandco-lighting.com\/?page_id=322"},"modified":"2021-12-01T20:50:51","modified_gmt":"2021-12-01T19:50:51","slug":"caracteristiques-tweelux-case","status":"publish","type":"page","link":"https:\/\/luxandco-lighting.com\/index.php\/caracteristiques-tweelux-case\/","title":{"rendered":"CARACT\u00c9RISTIQUES TWEELUX-CASE"},"content":{"rendered":"<p>[vc_row full_width=\u00a0\u00bbstretch_row\u00a0\u00bb css=\u00a0\u00bb.vc_custom_1606246261408{background-color: #000000 !important;}\u00a0\u00bb][vc_column][\/vc_column][\/vc_row][vc_row full_width=\u00a0\u00bbstretch_row\u00a0\u00bb content_placement=\u00a0\u00bbtop\u00a0\u00bb font_color=\u00a0\u00bb#000000&Prime; css=\u00a0\u00bb.vc_custom_1606237298200{background-color: #ffffff !important;}\u00a0\u00bb][vc_column width=\u00a0\u00bb1\/2&Prime;][vc_custom_heading text=\u00a0\u00bbCARACT\u00c9RISTIQUES TECHNIQUES\u00a0\u00bb font_container=\u00a0\u00bbtag:h2|font_size:25|text_align:right\u00a0\u00bb use_theme_fonts=\u00a0\u00bbyes\u00a0\u00bb][vc_separator color=\u00a0\u00bbcustom\u00a0\u00bb align=\u00a0\u00bbalign_right\u00a0\u00bb border_width=\u00a0\u00bb2&Prime; el_width=\u00a0\u00bb50&Prime; accent_color=\u00a0\u00bb#999999&Prime;][\/vc_column][vc_column width=\u00a0\u00bb1\/2&Prime;][vc_custom_heading text=\u00a0\u00bbTWEELUX-CASE\u00a0\u00bb font_container=\u00a0\u00bbtag:h2|font_size:33|text_align:left\u00a0\u00bb use_theme_fonts=\u00a0\u00bbyes\u00a0\u00bb][\/vc_column][\/vc_row][vc_row full_width=\u00a0\u00bbstretch_row\u00a0\u00bb content_placement=\u00a0\u00bbtop\u00a0\u00bb css=\u00a0\u00bb.vc_custom_1606345807423{background-color: #ffffff !important;}\u00a0\u00bb][vc_column width=\u00a0\u00bb1\/4&Prime;][vc_custom_heading text=\u00a0\u00bbCONTENANCE\u00a0\u00bb font_container=\u00a0\u00bbtag:h2|font_size:18|text_align:left\u00a0\u00bb use_theme_fonts=\u00a0\u00bbyes\u00a0\u00bb][vc_column_text]8 LAMPES TWEELUX :<\/p>\n<ul>\n<li>8 socles<\/li>\n<li>8 tambours<\/li>\n<li>8 tubes<\/li>\n<li>8 abat-jour petit mod\u00e8le<\/li>\n<\/ul>\n<p>OU 8 LAMPES TWEELUX AVEC OPTION TWEELUX-UPKIT :<\/p>\n<ul>\n<li>8 socles<\/li>\n<li>8 tambours<\/li>\n<li>16 tubes<\/li>\n<li>8 coupleurs pour tubes<\/li>\n<li>8 abat-jour grand mod\u00e8le<\/li>\n<\/ul>\n<p>[\/vc_column_text][\/vc_column][vc_column width=\u00a0\u00bb1\/4&Prime;][vc_custom_heading text=\u00a0\u00bbCHARGEUR INTEGRE\u00a0\u00bb font_container=\u00a0\u00bbtag:h2|font_size:18|text_align:left\u00a0\u00bb use_theme_fonts=\u00a0\u00bbyes\u00a0\u00bb][vc_column_text]<\/p>\n<div id=\"bgLayers_comp-kgnntj5z\" class=\"_3_wbk\"><\/div>\n<div class=\"\" data-mesh-id=\"comp-kgnntj5zinlineContent\" data-testid=\"inline-content\">\n<div data-mesh-id=\"comp-kgnntj5zinlineContent-gridContainer\" data-testid=\"mesh-container-content\">\n<div id=\"comp-kgno4b58\" class=\"_1Z_nJ\" data-testid=\"richTextElement\">\n<ul>\n<li class=\"font_8\">Chargeur encastr\u00e9 sur face arri\u00e8re<\/li>\n<li class=\"font_8\">Capacit\u00e9 de chargement 8 lampes<\/li>\n<li class=\"font_8\">Alimentation 120 \u2013 240 VAC \/ 50\/60Hz<\/li>\n<li>Puissance totale : 100W<\/li>\n<li>Prise d&rsquo;alimentation powercon<\/li>\n<li>Ventilation int\u00e9gr\u00e9e<\/li>\n<li>LED verte pour visualisation de l&rsquo;alimentation \u00e9lectrique du chargeur<\/li>\n<li>LED bicolore verte\/rouge pour visualisation de la charge batteries (rouge : en charge, vert : charge \u00e0 90%, \u00e9teinte : fin de charge ou c\u00e2ble d\u00e9branch\u00e9)<\/li>\n<\/ul>\n<\/div>\n<\/div>\n<\/div>\n<p>[\/vc_column_text][\/vc_column][vc_column width=\u00a0\u00bb1\/4&Prime;][vc_custom_heading text=\u00a0\u00bbDONN\u00c9ES PHYSIQUES\u00a0\u00bb font_container=\u00a0\u00bbtag:h2|font_size:18|text_align:left\u00a0\u00bb use_theme_fonts=\u00a0\u00bbyes\u00a0\u00bb][vc_column_text]<\/p>\n<div id=\"comp-kgnoc6ls\" class=\"_1Z_nJ\" data-testid=\"richTextElement\">\n<ul>\n<li class=\"font_8\">Longueur : 1100 mm<\/li>\n<li class=\"font_8\">Largeur : 600 mm<\/li>\n<li class=\"font_8\">Hauteur : 688 mm<\/li>\n<li class=\"font_8\">Poids \u00e0 vide : 50 kg<\/li>\n<li>Corni\u00e8res renfort d&rsquo;angle et coins boules 35mm<\/li>\n<li>Grands fermoirs papillons encastr\u00e9s<\/li>\n<li>2 poign\u00e9es renvoi encastr\u00e9es par face<\/li>\n<li>Cuvette encastrable pour plaque signal\u00e9tique<\/li>\n<li>Cuvettes estamp\u00e9es empilables<\/li>\n<li>Panneaux a\u00e9ration pour ventilation chargeur<\/li>\n<li>Roulettes diam\u00e8tre 100mm (avec frein sur la face avant)<\/li>\n<\/ul>\n<\/div>\n<p>[\/vc_column_text][\/vc_column][vc_column width=\u00a0\u00bb1\/4&Prime;][vc_single_image image=\u00a0\u00bb325&Prime; img_size=\u00a0\u00bblarge\u00a0\u00bb alignment=\u00a0\u00bbcenter\u00a0\u00bb][\/vc_column][\/vc_row][vc_row full_width=\u00a0\u00bbstretch_row\u00a0\u00bb css=\u00a0\u00bb.vc_custom_1606246271455{background-color: #000000 !important;}\u00a0\u00bb][vc_column][\/vc_column][\/vc_row][vc_row full_width=\u00a0\u00bbstretch_row_content\u00a0\u00bb content_placement=\u00a0\u00bbtop\u00a0\u00bb el_id=\u00a0\u00bbCONTACT\u00a0\u00bb css=\u00a0\u00bb.vc_custom_1606345929522{background-color: #ffffff !important;}\u00a0\u00bb][vc_column][vc_custom_heading text=\u00a0\u00bbDISTRIBUTEUR &amp; LOUEUR FRANCE\u00a0\u00bb font_container=\u00a0\u00bbtag:h2|font_size:20|text_align:center|color:%23000000&Prime; use_theme_fonts=\u00a0\u00bbyes\u00a0\u00bb][vc_column_text]<\/p>\n<p style=\"text-align: center;\"><strong>MUSIC PLUS<\/strong><br \/>\n20 rue Massenet<br \/>\n38400 Saint Martin d&rsquo;Heres<br \/>\n+33 476 627 272<br \/>\nFRANCE<br \/>\nolivier@musicplusgrenoble.fr<br \/>\nwww.musicplusgrenoble.fr<\/p>\n<p>[\/vc_column_text][\/vc_column][\/vc_row]<\/p>\n","protected":false},"excerpt":{"rendered":"<p>[vc_row full_width=\u00a0\u00bbstretch_row\u00a0\u00bb css=\u00a0\u00bb.vc_custom_1606246261408{background-color: #000000 !important;}\u00a0\u00bb][vc_column][\/vc_column][\/vc_row][vc_row full_width=\u00a0\u00bbstretch_row\u00a0\u00bb content_placement=\u00a0\u00bbtop\u00a0\u00bb font_color=\u00a0\u00bb#000000&Prime; css=\u00a0\u00bb.vc_custom_1606237298200{background-color: #ffffff !important;}\u00a0\u00bb][vc_column width=\u00a0\u00bb1\/2&Prime;][vc_custom_heading text=\u00a0\u00bbCARACT\u00c9RISTIQUES TECHNIQUES\u00a0\u00bb font_container=\u00a0\u00bbtag:h2|font_size:25|text_align:right\u00a0\u00bb use_theme_fonts=\u00a0\u00bbyes\u00a0\u00bb][vc_separator color=\u00a0\u00bbcustom\u00a0\u00bb align=\u00a0\u00bbalign_right\u00a0\u00bb border_width=\u00a0\u00bb2&Prime; el_width=\u00a0\u00bb50&Prime; accent_color=\u00a0\u00bb#999999&Prime;][\/vc_column][vc_column width=\u00a0\u00bb1\/2&Prime;][vc_custom_heading text=\u00a0\u00bbTWEELUX-CASE\u00a0\u00bb font_container=\u00a0\u00bbtag:h2|font_size:33|text_align:left\u00a0\u00bb use_theme_fonts=\u00a0\u00bbyes\u00a0\u00bb][\/vc_column][\/vc_row][vc_row full_width=\u00a0\u00bbstretch_row\u00a0\u00bb content_placement=\u00a0\u00bbtop\u00a0\u00bb css=\u00a0\u00bb.vc_custom_1606345807423{background-color: #ffffff !important;}\u00a0\u00bb][vc_column width=\u00a0\u00bb1\/4&Prime;][vc_custom_heading text=\u00a0\u00bbCONTENANCE\u00a0\u00bb font_container=\u00a0\u00bbtag:h2|font_size:18|text_align:left\u00a0\u00bb use_theme_fonts=\u00a0\u00bbyes\u00a0\u00bb][vc_column_text]8 LAMPES TWEELUX : 8 socles 8 tambours 8 tubes 8 abat-jour petit mod\u00e8le OU 8 LAMPES TWEELUX AVEC OPTION TWEELUX-UPKIT : [&hellip;]<\/p>\n","protected":false},"author":1,"featured_media":0,"parent":0,"menu_order":0,"comment_status":"closed","ping_status":"closed","template":"page-templates\/one-page.php","meta":[],"_links":{"self":[{"href":"https:\/\/luxandco-lighting.com\/index.php\/wp-json\/wp\/v2\/pages\/322"}],"collection":[{"href":"https:\/\/luxandco-lighting.com\/index.php\/wp-json\/wp\/v2\/pages"}],"about":[{"href":"https:\/\/luxandco-lighting.com\/index.php\/wp-json\/wp\/v2\/types\/page"}],"author":[{"embeddable":true,"href":"https:\/\/luxandco-lighting.com\/index.php\/wp-json\/wp\/v2\/users\/1"}],"replies":[{"embeddable":true,"href":"https:\/\/luxandco-lighting.com\/index.php\/wp-json\/wp\/v2\/comments?post=322"}],"version-history":[{"count":17,"href":"https:\/\/luxandco-lighting.com\/index.php\/wp-json\/wp\/v2\/pages\/322\/revisions"}],"predecessor-version":[{"id":502,"href":"https:\/\/luxandco-lighting.com\/index.php\/wp-json\/wp\/v2\/pages\/322\/revisions\/502"}],"wp:attachment":[{"href":"https:\/\/luxandco-lighting.com\/index.php\/wp-json\/wp\/v2\/media?parent=322"}],"curies":[{"name":"wp","href":"https:\/\/api.w.org\/{rel}","templated":true}]}}